{"id":2932,"date":"2025-08-21T15:02:31","date_gmt":"2025-08-21T14:02:31","guid":{"rendered":"https:\/\/www.sweco.lu\/?post_type=showroom_cpt&#038;p=2932"},"modified":"2025-08-25T10:22:02","modified_gmt":"2025-08-25T09:22:02","slug":"schule-und-kindergarten-in-wasserbillig","status":"publish","type":"showroom_cpt","link":"https:\/\/www.sweco.lu\/de\/showroom\/schule-und-kindergarten-in-wasserbillig\/","title":{"rendered":"Schule und Kindergarten in Wasserbillig"},"content":{"rendered":"<section class=\"block fwmb\" >\n\t<div class=\"block__inner editor-content fwmb__inner fwmb__inner--right fwmb__inner--image\">\n\n        <div class=\"fwmb__media col col-12\">\n\t\t\t<img loading=\"lazy\" decoding=\"async\" width=\"1082\" height=\"560\" src=\"https:\/\/www.sweco.lu\/wp-content\/uploads\/sites\/28\/2025\/07\/Wasserbillig-2-1082x560.jpg\" class=\"attachment-fwmb-image size-fwmb-image\" alt=\"\" \/>\t\t<\/div>\n\n        \n        \n\t<\/div>\n<\/section>\n\n<section class=\"block architects-intro block--white\" >\n\t<div class=\"block__inner architects-intro__inner\">\n\t\t<div class=\"col--11 col--start col--wrapper editor-content\">\n\t\t\t\t\t\t\t<div class=\"col col--5\">\n                    \n\t\t\t\t\t<h1 class=\"h1 hyphenate\">Schule und Kindergarten in Wasserbillig<\/h1>\t\t\t\t<\/div>\n\t\t\t\n\t\t\t\t\t\t\t<div class=\"col col--4 push--1\">\n\t\t\t\t\t\t\t\t\t\t<p><p data-start=\"160\" data-end=\"361\">Das neue Schulgeb\u00e4ude in Mertert-Wasserbillig beherbergt 15 Klassen der 2. bis 4. Klasse, eine Kinderkrippe, eine Mediathek, eine Produktionsk\u00fcche mit Mensa sowie ein Luftkissen-Trampolin (Airtramp).<\/p>\n<\/p>\n\t\t\t\t\t\t\t\t\t<\/div>\n\t\t\t\n            \t\t<\/div>\n\t<\/div>\n<\/section>\n\n\n<section class=\"block block--lightgray arc-facts\" >\n\t<div class=\"block__inner arc-facts__inner\">\n\t\t<div class=\"col--11 col--wrapper col--end editor-content\">\n\t\t\t\n            <dl class=\"items col col--12\">\n                                    <dt class=\"item item--left\">Bauherr<\/dt>\n                    <dd class=\"item item--right\">Municipal Administration of Mertert-Wasserbillig<\/dd>\n                                    <dt class=\"item item--left\">Partner<\/dt>\n                    <dd class=\"item item--right\">BalliniPitt Architectes Urbanistes, Gilles Kintzl\u00e9 Architecte, Daedalus Engineering, BEST Ing\u00e9nieurs-Conseils, Graner Peter &amp; Associ\u00e9s<\/dd>\n                                    <dt class=\"item item--left\">Art des Auftrags<\/dt>\n                    <dd class=\"item item--right\">Komplettauftrag Spezialtechnik<\/dd>\n                                    <dt class=\"item item--left\">Durchf\u00fchrungszeitraum<\/dt>\n                    <dd class=\"item item--right\">2017-2022<\/dd>\n                                    <dt class=\"item item--left\">Bruttofl\u00e4che<\/dt>\n                    <dd class=\"item item--right\">6.500 m\u00b2<\/dd>\n                                    <dt class=\"item item--left\">Bruttovolumen<\/dt>\n                    <dd class=\"item item--right\">17.500 m\u00b3<\/dd>\n                            <\/dl>\n\n\t\t<\/div>\n\t<\/div>\n<\/section>\n\n\n<section class=\"block cb block--white\" >\n\t<div class=\"block__inner cb__inner cb__inner--one\">\n\t<div class=\"col--12 col--center col--wrapper\">\n\t\t<div class=\"col col--6 editor-content\">\n\t\t\t<h2 data-start=\"115\" data-end=\"159\">Schule und Kindergarten in Wasserbillig<\/h2>\n<p data-start=\"160\" data-end=\"361\">Das neue Schulgeb\u00e4ude in Mertert-Wasserbillig beherbergt 15 Klassen der 2. bis 4. Klasse, eine Kinderkrippe, eine Mediathek, eine Produktionsk\u00fcche mit Mensa sowie ein Luftkissen-Trampolin (Airtramp).<\/p>\n<h2 data-start=\"363\" data-end=\"394\">Architektur und Gestaltung<\/h2>\n<p data-start=\"395\" data-end=\"785\">Die dreigeschossige Schule zeichnet sich durch eine langgestreckte Riegelform aus, die auf zwei massiven Gabionensockeln aus regionalem Stein ruht. Die farbige Streckblechverkleidung verleiht dem Geb\u00e4ude Dynamik und Leichtigkeit. Alle 15 Klassenzimmer mit gro\u00dfen Erkern sind nach Nordwesten ausgerichtet. Die Korridore an der S\u00fcdfassade werden von der zentralen Haupttreppe erschlossen.<\/p>\n<h2 data-start=\"787\" data-end=\"823\">Kinderkrippe mit eigenem Zugang<\/h2>\n<p data-start=\"824\" data-end=\"1240\">Der Zugang zur Krippe erfolgt \u00fcber den S\u00fcdwestsockel. Eltern k\u00f6nnen direkt mit dem Kinderwagen bis zum Empfang fahren. Sechs R\u00e4ume, jeweils mit altersgerechten Sanit\u00e4rbereichen, stehen zur Verf\u00fcgung. Ein Abstellraum im Untergeschoss, per Aufzug erreichbar, dient zur Unterbringung der Kinderwagen. Die Krippe arbeitet unabh\u00e4ngig von der Schule; die einzige Verbindung besteht \u00fcber die Mediathek im Erdgeschoss.<\/p>\n<h2 data-start=\"1242\" data-end=\"1277\">Mediathek als Gemeinschaftsort<\/h2>\n<p data-start=\"1278\" data-end=\"1447\">Die Mediathek auf zwei Ebenen dient sowohl den Sch\u00fclern als auch den B\u00fcrgern der Gemeinde. Au\u00dferhalb der Schulzeiten ist sie \u00fcber die Eingangshalle separat zug\u00e4nglich.<\/p>\n\t\t<\/div>\n\t<\/div>\n<\/div>\n<\/section>\n\n\n<section class=\"block fwmb\" >\n\t<div class=\"block__inner editor-content fwmb__inner fwmb__inner--right fwmb__inner--image\">\n\n        <div class=\"fwmb__media col col-12\">\n\t\t\t<img loading=\"lazy\" decoding=\"async\" width=\"1082\" height=\"560\" src=\"https:\/\/www.sweco.lu\/wp-content\/uploads\/sites\/28\/2025\/07\/Wasserbillig-3-1082x560.jpg\" class=\"attachment-fwmb-image size-fwmb-image\" alt=\"\" \/>\t\t<\/div>\n\n        \n        \n\t<\/div>\n<\/section>\n\n<section class=\"block cb block--white\" >\n\t<div class=\"block__inner cb__inner cb__inner--one\">\n\t<div class=\"col--12 col--center col--wrapper\">\n\t\t<div class=\"col col--6 editor-content\">\n\t\t\t<h2 data-start=\"1449\" data-end=\"1469\">K\u00fcche und Mensa<\/h2>\n<p data-start=\"1470\" data-end=\"1785\">Im nord\u00f6stlichen Teil befindet sich eine Produktionsk\u00fcche, die bis zu 500 Mahlzeiten zubereiten kann. Drei Mensar\u00e4ume auf der Nordwestseite erg\u00e4nzen das Angebot. Zusammen mit dem halb\u00fcberdachten Innenhof bieten sie Raum f\u00fcr Aktivit\u00e4ten auch bei schlechtem Wetter. Mobile Trennw\u00e4nde erm\u00f6glichen flexible Nutzung.<\/p>\n<h2 data-start=\"1787\" data-end=\"1817\">Freizeit- und Themenr\u00e4ume<\/h2>\n<p data-start=\"1818\" data-end=\"1949\">Am nordwestlichen Ende befinden sich der Raum mit dem Airtramp-Trampolin sowie Themenr\u00e4ume wie eine Werkstatt und eine Lehrk\u00fcche.<\/p>\n\t\t<\/div>\n\t<\/div>\n<\/div>\n<\/section>\n\n\n<section class=\"block block--white columns\" >\n\t<div class=\"block__inner columns__inner\">\n\t\t<div class=\"col--11 col--wrapper col--stretch\">\n\t\t\t\n\t\t\t\t\t\t\t<div class=\"columns__col col col--6\">\n\t\t\t\t\t<div class=\"editor-content columns__content columns__content--image\">\n\t\t\t\t\t\t<img loading=\"lazy\" decoding=\"async\" width=\"1082\" height=\"720\" src=\"https:\/\/www.sweco.lu\/wp-content\/uploads\/sites\/28\/2025\/07\/Wasserbillig-1.jpg\" class=\"attachment-full size-full\" alt=\"\" srcset=\"https:\/\/www.sweco.lu\/wp-content\/uploads\/sites\/28\/2025\/07\/Wasserbillig-1.jpg 1082w, https:\/\/www.sweco.lu\/wp-content\/uploads\/sites\/28\/2025\/07\/Wasserbillig-1-300x200.jpg 300w, https:\/\/www.sweco.lu\/wp-content\/uploads\/sites\/28\/2025\/07\/Wasserbillig-1-1024x681.jpg 1024w, https:\/\/www.sweco.lu\/wp-content\/uploads\/sites\/28\/2025\/07\/Wasserbillig-1-768x511.jpg 768w, https:\/\/www.sweco.lu\/wp-content\/uploads\/sites\/28\/2025\/07\/Wasserbillig-1-520x346.jpg 520w, https:\/\/www.sweco.lu\/wp-content\/uploads\/sites\/28\/2025\/07\/Wasserbillig-1-800x532.jpg 800w, https:\/\/www.sweco.lu\/wp-content\/uploads\/sites\/28\/2025\/07\/Wasserbillig-1-451x300.jpg 451w, https:\/\/www.sweco.lu\/wp-content\/uploads\/sites\/28\/2025\/07\/Wasserbillig-1-676x450.jpg 676w, https:\/\/www.sweco.lu\/wp-content\/uploads\/sites\/28\/2025\/07\/Wasserbillig-1-652x434.jpg 652w\" sizes=\"auto, (max-width: 1082px) 100vw, 1082px\" \/>\t\t\t\t\t<\/div>\n\t\t\t\t<\/div>\n\t\t\t\t\t\t\t<div class=\"columns__col col col--6\">\n\t\t\t\t\t<div class=\"editor-content columns__content columns__content--content\">\n\t\t\t\t\t\t<h2 data-start=\"1951\" data-end=\"1976\">Nachhaltige Bauweise<\/h2>\n<p data-start=\"1977\" data-end=\"2253\">Das Geb\u00e4ude ist in Holz-Beton-Mischbauweise errichtet. Dieses System erm\u00f6glicht eine effiziente Bauausf\u00fchrung und erf\u00fcllt die Anforderungen der Energieeffizienzklasse ABB. F\u00fcr eine sp\u00e4tere Erweiterung ist die S\u00fcdfassade r\u00fcckbaubar, um ein weiteres Klassenraster anzuf\u00fcgen.<\/p>\n\t\t\t\t\t<\/div>\n\t\t\t\t<\/div>\n\t\t\t\n\t\t<\/div>\n\t<\/div>\n<\/section>\n","protected":false},"excerpt":{"rendered":"","protected":false},"featured_media":2563,"template":"","showroom_cats":[42],"showroom_expertise":[],"showroom_partners":[],"showroom_location":[],"showroom_client":[],"class_list":["post-2932","showroom_cpt","type-showroom_cpt","status-publish","has-post-thumbnail","hentry","showroom_cats-bildung"],"acf":[],"_links":{"self":[{"href":"https:\/\/www.sweco.lu\/de\/wp-json\/wp\/v2\/showroom_cpt\/2932","targetHints":{"allow":["GET"]}}],"collection":[{"href":"https:\/\/www.sweco.lu\/de\/wp-json\/wp\/v2\/showroom_cpt"}],"about":[{"href":"https:\/\/www.sweco.lu\/de\/wp-json\/wp\/v2\/types\/showroom_cpt"}],"wp:featuredmedia":[{"embeddable":true,"href":"https:\/\/www.sweco.lu\/de\/wp-json\/wp\/v2\/media\/2563"}],"wp:attachment":[{"href":"https:\/\/www.sweco.lu\/de\/wp-json\/wp\/v2\/media?parent=2932"}],"wp:term":[{"taxonomy":"showroom_cats","embeddable":true,"href":"https:\/\/www.sweco.lu\/de\/wp-json\/wp\/v2\/showroom_cats?post=2932"},{"taxonomy":"showroom_expertise","embeddable":true,"href":"https:\/\/www.sweco.lu\/de\/wp-json\/wp\/v2\/showroom_expertise?post=2932"},{"taxonomy":"showroom_partners","embeddable":true,"href":"https:\/\/www.sweco.lu\/de\/wp-json\/wp\/v2\/showroom_partners?post=2932"},{"taxonomy":"showroom_location","embeddable":true,"href":"https:\/\/www.sweco.lu\/de\/wp-json\/wp\/v2\/showroom_location?post=2932"},{"taxonomy":"showroom_client","embeddable":true,"href":"https:\/\/www.sweco.lu\/de\/wp-json\/wp\/v2\/showroom_client?post=2932"}],"curies":[{"name":"wp","href":"https:\/\/api.w.org\/{rel}","templated":true}]}}

<section class="block fwmb" >
	<div class="block__inner editor-content fwmb__inner fwmb__inner--right fwmb__inner--image">

        <div class="fwmb__media col col-12">
			<img loading="lazy" decoding="async" width="1082" height="560" src="https://www.sweco.lu/wp-content/uploads/sites/28/2025/07/Wasserbillig-2-1082x560.jpg" class="attachment-fwmb-image size-fwmb-image" alt="" />		</div>

        
        
	</div>
</section>

<section class="block architects-intro block--white" >
	<div class="block__inner architects-intro__inner">
		<div class="col--11 col--start col--wrapper editor-content">
							<div class="col col--5">
                    
					<h1 class="h1 hyphenate">Schule und Kindergarten in Wasserbillig</h1>				</div>
			
							<div class="col col--4 push--1">
										<p><p data-start="160" data-end="361">Das neue Schulgebäude in Mertert-Wasserbillig beherbergt 15 Klassen der 2. bis 4. Klasse, eine Kinderkrippe, eine Mediathek, eine Produktionsküche mit Mensa sowie ein Luftkissen-Trampolin (Airtramp).</p>
</p>
									</div>
			
            		</div>
	</div>
</section>


<section class="block block--lightgray arc-facts" >
	<div class="block__inner arc-facts__inner">
		<div class="col--11 col--wrapper col--end editor-content">
			
            <dl class="items col col--12">
                                    <dt class="item item--left">Bauherr</dt>
                    <dd class="item item--right">Municipal Administration of Mertert-Wasserbillig</dd>
                                    <dt class="item item--left">Partner</dt>
                    <dd class="item item--right">BalliniPitt Architectes Urbanistes, Gilles Kintzlé Architecte, Daedalus Engineering, BEST Ingénieurs-Conseils, Graner Peter &amp; Associés</dd>
                                    <dt class="item item--left">Art des Auftrags</dt>
                    <dd class="item item--right">Komplettauftrag Spezialtechnik</dd>
                                    <dt class="item item--left">Durchführungszeitraum</dt>
                    <dd class="item item--right">2017-2022</dd>
                                    <dt class="item item--left">Bruttofläche</dt>
                    <dd class="item item--right">6.500 m²</dd>
                                    <dt class="item item--left">Bruttovolumen</dt>
                    <dd class="item item--right">17.500 m³</dd>
                            </dl>

		</div>
	</div>
</section>


<section class="block cb block--white" >
	<div class="block__inner cb__inner cb__inner--one">
	<div class="col--12 col--center col--wrapper">
		<div class="col col--6 editor-content">
			<h2 data-start="115" data-end="159">Schule und Kindergarten in Wasserbillig</h2>
<p data-start="160" data-end="361">Das neue Schulgebäude in Mertert-Wasserbillig beherbergt 15 Klassen der 2. bis 4. Klasse, eine Kinderkrippe, eine Mediathek, eine Produktionsküche mit Mensa sowie ein Luftkissen-Trampolin (Airtramp).</p>
<h2 data-start="363" data-end="394">Architektur und Gestaltung</h2>
<p data-start="395" data-end="785">Die dreigeschossige Schule zeichnet sich durch eine langgestreckte Riegelform aus, die auf zwei massiven Gabionensockeln aus regionalem Stein ruht. Die farbige Streckblechverkleidung verleiht dem Gebäude Dynamik und Leichtigkeit. Alle 15 Klassenzimmer mit großen Erkern sind nach Nordwesten ausgerichtet. Die Korridore an der Südfassade werden von der zentralen Haupttreppe erschlossen.</p>
<h2 data-start="787" data-end="823">Kinderkrippe mit eigenem Zugang</h2>
<p data-start="824" data-end="1240">Der Zugang zur Krippe erfolgt über den Südwestsockel. Eltern können direkt mit dem Kinderwagen bis zum Empfang fahren. Sechs Räume, jeweils mit altersgerechten Sanitärbereichen, stehen zur Verfügung. Ein Abstellraum im Untergeschoss, per Aufzug erreichbar, dient zur Unterbringung der Kinderwagen. Die Krippe arbeitet unabhängig von der Schule; die einzige Verbindung besteht über die Mediathek im Erdgeschoss.</p>
<h2 data-start="1242" data-end="1277">Mediathek als Gemeinschaftsort</h2>
<p data-start="1278" data-end="1447">Die Mediathek auf zwei Ebenen dient sowohl den Schülern als auch den Bürgern der Gemeinde. Außerhalb der Schulzeiten ist sie über die Eingangshalle separat zugänglich.</p>
		</div>
	</div>
</div>
</section>


<section class="block fwmb" >
	<div class="block__inner editor-content fwmb__inner fwmb__inner--right fwmb__inner--image">

        <div class="fwmb__media col col-12">
			<img loading="lazy" decoding="async" width="1082" height="560" src="https://www.sweco.lu/wp-content/uploads/sites/28/2025/07/Wasserbillig-3-1082x560.jpg" class="attachment-fwmb-image size-fwmb-image" alt="" />		</div>

        
        
	</div>
</section>

<section class="block cb block--white" >
	<div class="block__inner cb__inner cb__inner--one">
	<div class="col--12 col--center col--wrapper">
		<div class="col col--6 editor-content">
			<h2 data-start="1449" data-end="1469">Küche und Mensa</h2>
<p data-start="1470" data-end="1785">Im nordöstlichen Teil befindet sich eine Produktionsküche, die bis zu 500 Mahlzeiten zubereiten kann. Drei Mensaräume auf der Nordwestseite ergänzen das Angebot. Zusammen mit dem halbüberdachten Innenhof bieten sie Raum für Aktivitäten auch bei schlechtem Wetter. Mobile Trennwände ermöglichen flexible Nutzung.</p>
<h2 data-start="1787" data-end="1817">Freizeit- und Themenräume</h2>
<p data-start="1818" data-end="1949">Am nordwestlichen Ende befinden sich der Raum mit dem Airtramp-Trampolin sowie Themenräume wie eine Werkstatt und eine Lehrküche.</p>
		</div>
	</div>
</div>
</section>


<section class="block block--white columns" >
	<div class="block__inner columns__inner">
		<div class="col--11 col--wrapper col--stretch">
			
							<div class="columns__col col col--6">
					<div class="editor-content columns__content columns__content--image">
						<img loading="lazy" decoding="async" width="1082" height="720" src="https://www.sweco.lu/wp-content/uploads/sites/28/2025/07/Wasserbillig-1.jpg" class="attachment-full size-full" alt="" srcset="https://www.sweco.lu/wp-content/uploads/sites/28/2025/07/Wasserbillig-1.jpg 1082w, https://www.sweco.lu/wp-content/uploads/sites/28/2025/07/Wasserbillig-1-300x200.jpg 300w, https://www.sweco.lu/wp-content/uploads/sites/28/2025/07/Wasserbillig-1-1024x681.jpg 1024w, https://www.sweco.lu/wp-content/uploads/sites/28/2025/07/Wasserbillig-1-768x511.jpg 768w, https://www.sweco.lu/wp-content/uploads/sites/28/2025/07/Wasserbillig-1-520x346.jpg 520w, https://www.sweco.lu/wp-content/uploads/sites/28/2025/07/Wasserbillig-1-800x532.jpg 800w, https://www.sweco.lu/wp-content/uploads/sites/28/2025/07/Wasserbillig-1-451x300.jpg 451w, https://www.sweco.lu/wp-content/uploads/sites/28/2025/07/Wasserbillig-1-676x450.jpg 676w, https://www.sweco.lu/wp-content/uploads/sites/28/2025/07/Wasserbillig-1-652x434.jpg 652w" sizes="auto, (max-width: 1082px) 100vw, 1082px" />					</div>
				</div>
							<div class="columns__col col col--6">
					<div class="editor-content columns__content columns__content--content">
						<h2 data-start="1951" data-end="1976">Nachhaltige Bauweise</h2>
<p data-start="1977" data-end="2253">Das Gebäude ist in Holz-Beton-Mischbauweise errichtet. Dieses System ermöglicht eine effiziente Bauausführung und erfüllt die Anforderungen der Energieeffizienzklasse ABB. Für eine spätere Erweiterung ist die Südfassade rückbaubar, um ein weiteres Klassenraster anzufügen.</p>
					</div>
				</div>
			
		</div>
	</div>
</section>
