{"id":2917,"date":"2025-08-21T15:02:31","date_gmt":"2025-08-21T14:02:31","guid":{"rendered":"https:\/\/www.sweco.lu\/?post_type=showroom_cpt&#038;p=2917"},"modified":"2025-08-25T09:32:44","modified_gmt":"2025-08-25T08:32:44","slug":"die-rotondes-in-luxemburg","status":"publish","type":"showroom_cpt","link":"https:\/\/www.sweco.lu\/de\/showroom\/die-rotondes-in-luxemburg\/","title":{"rendered":"Die Rotondes in Luxemburg"},"content":{"rendered":"<section class=\"block fwmb\" >\n\t<div class=\"block__inner editor-content fwmb__inner fwmb__inner--right fwmb__inner--image\">\n\n        <div class=\"fwmb__media col col-12\">\n\t\t\t<img loading=\"lazy\" decoding=\"async\" width=\"1320\" height=\"560\" src=\"https:\/\/www.sweco.lu\/wp-content\/uploads\/sites\/28\/2025\/07\/Rotondes-1320x560.jpg\" class=\"attachment-fwmb-image size-fwmb-image\" alt=\"\" \/>\t\t<\/div>\n\n        \n        \n\t<\/div>\n<\/section>\n\n<section class=\"block architects-intro block--white\" >\n\t<div class=\"block__inner architects-intro__inner\">\n\t\t<div class=\"col--11 col--start col--wrapper editor-content\">\n\t\t\t\t\t\t\t<div class=\"col col--5\">\n                    \n\t\t\t\t\t<h1 class=\"h1 hyphenate\">Die Rotondes in Luxemburg<\/h1>\t\t\t\t<\/div>\n\t\t\t\n\t\t\t\t\t\t\t<div class=\"col col--4 push--1\">\n\t\t\t\t\t\t\t\t\t\t<p><p data-start=\"146\" data-end=\"351\">Die beiden Rotondes haben einen Durchmesser von jeweils 52 Metern, sind 17 Meter hoch und von Kuppeln gekr\u00f6nt. Sie sind ein wichtiges Symbol f\u00fcr das architektonische und industrielle Erbe der Hauptstadt.<\/p>\n<\/p>\n\t\t\t\t\t\t\t\t\t<\/div>\n\t\t\t\n            \t\t<\/div>\n\t<\/div>\n<\/section>\n\n\n<section class=\"block block--lightgray arc-facts\" >\n\t<div class=\"block__inner arc-facts__inner\">\n\t\t<div class=\"col--11 col--wrapper col--end editor-content\">\n\t\t\t\n            <dl class=\"items col col--12\">\n                                    <dt class=\"item item--left\">Bauherr<\/dt>\n                    <dd class=\"item item--right\">Verwaltung f\u00fcr \u00f6ffentliche Bauten<\/dd>\n                                    <dt class=\"item item--left\">Partner<\/dt>\n                    <dd class=\"item item--right\">Teisen-Giesler Architectes, Simon Christiansen<\/dd>\n                                    <dt class=\"item item--left\">Art des Auftrags<\/dt>\n                    <dd class=\"item item--right\">Komplettauftrag Spezialtechnik<\/dd>\n                                    <dt class=\"item item--left\">Durchf\u00fchrungszeitraum<\/dt>\n                    <dd class=\"item item--right\">Phase 1 : 2011 \u2013 2015, Phase 2 : 2020 \u2013 en cours<\/dd>\n                                    <dt class=\"item item--left\">Bruttofl\u00e4che<\/dt>\n                    <dd class=\"item item--right\">6.500 m\u00b2<\/dd>\n                                    <dt class=\"item item--left\">Bruttovolumen<\/dt>\n                    <dd class=\"item item--right\">75.000 m\u00b3<\/dd>\n                            <\/dl>\n\n\t\t<\/div>\n\t<\/div>\n<\/section>\n\n\n<section class=\"block cb block--white\" >\n\t<div class=\"block__inner cb__inner cb__inner--one\">\n\t<div class=\"col--12 col--center col--wrapper\">\n\t\t<div class=\"col col--6 editor-content\">\n\t\t\t<h2 data-start=\"353\" data-end=\"397\">Ein historisches Erbe mit neuer Nutzung<\/h2>\n<p data-start=\"398\" data-end=\"625\">Die Rotondes wurden in der zweiten H\u00e4lfte des 19. Jahrhunderts erbaut und dienten zun\u00e4chst als Wartungshallen f\u00fcr CFL-Dampflokomotiven. Sp\u00e4ter, als nationales Denkmal eingestuft, wurden sie zu einem Kulturzentrum umgewandelt.<\/p>\n<h2 data-start=\"627\" data-end=\"675\">Ein Projekt zwischen Geschichte und Moderne<\/h2>\n<p data-start=\"676\" data-end=\"1072\">Das Architekturprojekt zielt darauf ab, zeitgen\u00f6ssische Elemente harmonisch in das historische Ensemble zu integrieren. Neue Metall- und Holzkonstruktionen greifen die urspr\u00fcngliche Farbgebung \u2013 beigefarbener Bruchstein, Putz, anthrazitfarbene Rahmen \u2013 auf und f\u00fcgen sich nahtlos ein. Das \u201eBox-in-the-Box\u201c-System im Inneren schafft flexible R\u00e4ume, die den Bed\u00fcrfnissen der Nutzer entsprechen.<\/p>\n\t\t<\/div>\n\t<\/div>\n<\/div>\n<\/section>\n\n\n<section class=\"block block--white columns\" >\n\t<div class=\"block__inner columns__inner\">\n\t\t<div class=\"col--11 col--wrapper col--stretch\">\n\t\t\t\n\t\t\t\t\t\t\t<div class=\"columns__col col col--6\">\n\t\t\t\t\t<div class=\"editor-content columns__content columns__content--content\">\n\t\t\t\t\t\t<h2 data-start=\"1074\" data-end=\"1120\">Phase 1: Restaurierung und Transformation<\/h2>\n<p data-start=\"1121\" data-end=\"1191\">In Phase 1 wurde die Rotonde 1 umfassend renoviert. Hier entstanden:<\/p>\n<ul>\n<li data-start=\"1195\" data-end=\"1232\">ein gro\u00dfer Saal mit zentraler B\u00fchne<\/li>\n<li data-start=\"1235\" data-end=\"1277\">umlaufende Trib\u00fcnen f\u00fcr ca. 350 Personen<\/li>\n<li data-start=\"1280\" data-end=\"1335\">eine Galerie, die auch f\u00fcr Ausstellungen genutzt wird<\/li>\n<\/ul>\n<p data-start=\"1337\" data-end=\"1443\">Ebenfalls errichtet wurde \u201eLa City Container\u201c, eine zeitgem\u00e4\u00dfe B\u00fcrostruktur mit Stahl- und Holzfassaden.<\/p>\n\t\t\t\t\t<\/div>\n\t\t\t\t<\/div>\n\t\t\t\t\t\t\t<div class=\"columns__col col col--6\">\n\t\t\t\t\t<div class=\"editor-content columns__content columns__content--content\">\n\t\t\t\t\t\t<h2 data-start=\"1445\" data-end=\"1480\">Phase 2: neue kulturelle R\u00e4ume<\/h2>\n<p data-start=\"1481\" data-end=\"1565\">Aktuell l\u00e4uft die Restaurierung der zweiten Rotonde, die k\u00fcnftig beherbergen wird:<\/p>\n<ul>\n<li data-start=\"1569\" data-end=\"1580\">ein Foyer<\/li>\n<li data-start=\"1583\" data-end=\"1630\">den Konzert- und Veranstaltungssaal \u201eLe Klub\u201c<\/li>\n<li data-start=\"1633\" data-end=\"1662\">die Bistro-Bar \u201eLa Buvette\u201c<\/li>\n<li data-start=\"1665\" data-end=\"1702\">Garderoben, Technik- und Lagerr\u00e4ume<\/li>\n<li data-start=\"1705\" data-end=\"1732\">einen Ausstellungsbereich<\/li>\n<\/ul>\n\t\t\t\t\t<\/div>\n\t\t\t\t<\/div>\n\t\t\t\n\t\t<\/div>\n\t<\/div>\n<\/section>\n\n\n<section class=\"block fwmb\" >\n\t<div class=\"block__inner editor-content fwmb__inner fwmb__inner--right fwmb__inner--image\">\n\n        <div class=\"fwmb__media col col-12\">\n\t\t\t<img loading=\"lazy\" decoding=\"async\" width=\"1278\" height=\"560\" src=\"https:\/\/www.sweco.lu\/wp-content\/uploads\/sites\/28\/2025\/07\/Rotondes-3-1278x560.jpg\" class=\"attachment-fwmb-image size-fwmb-image\" alt=\"\" \/>\t\t<\/div>\n\n        \n        \n\t<\/div>\n<\/section>\n\n<section class=\"block cb block--white\" >\n\t<div class=\"block__inner cb__inner cb__inner--one\">\n\t<div class=\"col--12 col--center col--wrapper\">\n\t\t<div class=\"col col--6 editor-content\">\n\t\t\t<h2 data-start=\"1734\" data-end=\"1780\">Technische Ausstattung und Nachhaltigkeit<\/h2>\n<p data-start=\"1781\" data-end=\"2110\">Die Geb\u00e4ude sind an das Fernw\u00e4rmenetz der Stadt Luxemburg angeschlossen, jede Rotonde hat eine eigene Heizungsunterstation.<br data-start=\"1904\" data-end=\"1907\" \/>Die Projektentwicklung erfolgte in enger Zusammenarbeit mit dem Service des Sites et Monuments Nationaux. Unser B\u00fcro war f\u00fcr die gesamte Spezialtechnik verantwortlich \u2013 von der Planung bis zur Abnahme.<\/p>\n<h2 data-start=\"2112\" data-end=\"2150\">Ein lebendiger Kulturort f\u00fcr alle<\/h2>\n<p data-start=\"2151\" data-end=\"2303\">Mit der Renovierung entsteht ein Ort, der dauerhaft ge\u00f6ffnet ist und zum Spazierengehen, Verweilen, Kulturgenuss und geselligem Beisammensein einl\u00e4dt.<\/p>\n\t\t<\/div>\n\t<\/div>\n<\/div>\n<\/section>\n","protected":false},"excerpt":{"rendered":"","protected":false},"featured_media":2687,"template":"","showroom_cats":[37],"showroom_expertise":[],"showroom_partners":[],"showroom_location":[],"showroom_client":[],"class_list":["post-2917","showroom_cpt","type-showroom_cpt","status-publish","has-post-thumbnail","hentry","showroom_cats-kultur-sport-de"],"acf":[],"_links":{"self":[{"href":"https:\/\/www.sweco.lu\/de\/wp-json\/wp\/v2\/showroom_cpt\/2917","targetHints":{"allow":["GET"]}}],"collection":[{"href":"https:\/\/www.sweco.lu\/de\/wp-json\/wp\/v2\/showroom_cpt"}],"about":[{"href":"https:\/\/www.sweco.lu\/de\/wp-json\/wp\/v2\/types\/showroom_cpt"}],"wp:featuredmedia":[{"embeddable":true,"href":"https:\/\/www.sweco.lu\/de\/wp-json\/wp\/v2\/media\/2687"}],"wp:attachment":[{"href":"https:\/\/www.sweco.lu\/de\/wp-json\/wp\/v2\/media?parent=2917"}],"wp:term":[{"taxonomy":"showroom_cats","embeddable":true,"href":"https:\/\/www.sweco.lu\/de\/wp-json\/wp\/v2\/showroom_cats?post=2917"},{"taxonomy":"showroom_expertise","embeddable":true,"href":"https:\/\/www.sweco.lu\/de\/wp-json\/wp\/v2\/showroom_expertise?post=2917"},{"taxonomy":"showroom_partners","embeddable":true,"href":"https:\/\/www.sweco.lu\/de\/wp-json\/wp\/v2\/showroom_partners?post=2917"},{"taxonomy":"showroom_location","embeddable":true,"href":"https:\/\/www.sweco.lu\/de\/wp-json\/wp\/v2\/showroom_location?post=2917"},{"taxonomy":"showroom_client","embeddable":true,"href":"https:\/\/www.sweco.lu\/de\/wp-json\/wp\/v2\/showroom_client?post=2917"}],"curies":[{"name":"wp","href":"https:\/\/api.w.org\/{rel}","templated":true}]}}

<section class="block fwmb" >
	<div class="block__inner editor-content fwmb__inner fwmb__inner--right fwmb__inner--image">

        <div class="fwmb__media col col-12">
			<img loading="lazy" decoding="async" width="1320" height="560" src="https://www.sweco.lu/wp-content/uploads/sites/28/2025/07/Rotondes-1320x560.jpg" class="attachment-fwmb-image size-fwmb-image" alt="" />		</div>

        
        
	</div>
</section>

<section class="block architects-intro block--white" >
	<div class="block__inner architects-intro__inner">
		<div class="col--11 col--start col--wrapper editor-content">
							<div class="col col--5">
                    
					<h1 class="h1 hyphenate">Die Rotondes in Luxemburg</h1>				</div>
			
							<div class="col col--4 push--1">
										<p><p data-start="146" data-end="351">Die beiden Rotondes haben einen Durchmesser von jeweils 52 Metern, sind 17 Meter hoch und von Kuppeln gekrönt. Sie sind ein wichtiges Symbol für das architektonische und industrielle Erbe der Hauptstadt.</p>
</p>
									</div>
			
            		</div>
	</div>
</section>


<section class="block block--lightgray arc-facts" >
	<div class="block__inner arc-facts__inner">
		<div class="col--11 col--wrapper col--end editor-content">
			
            <dl class="items col col--12">
                                    <dt class="item item--left">Bauherr</dt>
                    <dd class="item item--right">Verwaltung für öffentliche Bauten</dd>
                                    <dt class="item item--left">Partner</dt>
                    <dd class="item item--right">Teisen-Giesler Architectes, Simon Christiansen</dd>
                                    <dt class="item item--left">Art des Auftrags</dt>
                    <dd class="item item--right">Komplettauftrag Spezialtechnik</dd>
                                    <dt class="item item--left">Durchführungszeitraum</dt>
                    <dd class="item item--right">Phase 1 : 2011 – 2015, Phase 2 : 2020 – en cours</dd>
                                    <dt class="item item--left">Bruttofläche</dt>
                    <dd class="item item--right">6.500 m²</dd>
                                    <dt class="item item--left">Bruttovolumen</dt>
                    <dd class="item item--right">75.000 m³</dd>
                            </dl>

		</div>
	</div>
</section>


<section class="block cb block--white" >
	<div class="block__inner cb__inner cb__inner--one">
	<div class="col--12 col--center col--wrapper">
		<div class="col col--6 editor-content">
			<h2 data-start="353" data-end="397">Ein historisches Erbe mit neuer Nutzung</h2>
<p data-start="398" data-end="625">Die Rotondes wurden in der zweiten Hälfte des 19. Jahrhunderts erbaut und dienten zunächst als Wartungshallen für CFL-Dampflokomotiven. Später, als nationales Denkmal eingestuft, wurden sie zu einem Kulturzentrum umgewandelt.</p>
<h2 data-start="627" data-end="675">Ein Projekt zwischen Geschichte und Moderne</h2>
<p data-start="676" data-end="1072">Das Architekturprojekt zielt darauf ab, zeitgenössische Elemente harmonisch in das historische Ensemble zu integrieren. Neue Metall- und Holzkonstruktionen greifen die ursprüngliche Farbgebung – beigefarbener Bruchstein, Putz, anthrazitfarbene Rahmen – auf und fügen sich nahtlos ein. Das „Box-in-the-Box“-System im Inneren schafft flexible Räume, die den Bedürfnissen der Nutzer entsprechen.</p>
		</div>
	</div>
</div>
</section>


<section class="block block--white columns" >
	<div class="block__inner columns__inner">
		<div class="col--11 col--wrapper col--stretch">
			
							<div class="columns__col col col--6">
					<div class="editor-content columns__content columns__content--content">
						<h2 data-start="1074" data-end="1120">Phase 1: Restaurierung und Transformation</h2>
<p data-start="1121" data-end="1191">In Phase 1 wurde die Rotonde 1 umfassend renoviert. Hier entstanden:</p>
<ul>
<li data-start="1195" data-end="1232">ein großer Saal mit zentraler Bühne</li>
<li data-start="1235" data-end="1277">umlaufende Tribünen für ca. 350 Personen</li>
<li data-start="1280" data-end="1335">eine Galerie, die auch für Ausstellungen genutzt wird</li>
</ul>
<p data-start="1337" data-end="1443">Ebenfalls errichtet wurde „La City Container“, eine zeitgemäße Bürostruktur mit Stahl- und Holzfassaden.</p>
					</div>
				</div>
							<div class="columns__col col col--6">
					<div class="editor-content columns__content columns__content--content">
						<h2 data-start="1445" data-end="1480">Phase 2: neue kulturelle Räume</h2>
<p data-start="1481" data-end="1565">Aktuell läuft die Restaurierung der zweiten Rotonde, die künftig beherbergen wird:</p>
<ul>
<li data-start="1569" data-end="1580">ein Foyer</li>
<li data-start="1583" data-end="1630">den Konzert- und Veranstaltungssaal „Le Klub“</li>
<li data-start="1633" data-end="1662">die Bistro-Bar „La Buvette“</li>
<li data-start="1665" data-end="1702">Garderoben, Technik- und Lagerräume</li>
<li data-start="1705" data-end="1732">einen Ausstellungsbereich</li>
</ul>
					</div>
				</div>
			
		</div>
	</div>
</section>


<section class="block fwmb" >
	<div class="block__inner editor-content fwmb__inner fwmb__inner--right fwmb__inner--image">

        <div class="fwmb__media col col-12">
			<img loading="lazy" decoding="async" width="1278" height="560" src="https://www.sweco.lu/wp-content/uploads/sites/28/2025/07/Rotondes-3-1278x560.jpg" class="attachment-fwmb-image size-fwmb-image" alt="" />		</div>

        
        
	</div>
</section>

<section class="block cb block--white" >
	<div class="block__inner cb__inner cb__inner--one">
	<div class="col--12 col--center col--wrapper">
		<div class="col col--6 editor-content">
			<h2 data-start="1734" data-end="1780">Technische Ausstattung und Nachhaltigkeit</h2>
<p data-start="1781" data-end="2110">Die Gebäude sind an das Fernwärmenetz der Stadt Luxemburg angeschlossen, jede Rotonde hat eine eigene Heizungsunterstation.<br data-start="1904" data-end="1907" />Die Projektentwicklung erfolgte in enger Zusammenarbeit mit dem Service des Sites et Monuments Nationaux. Unser Büro war für die gesamte Spezialtechnik verantwortlich – von der Planung bis zur Abnahme.</p>
<h2 data-start="2112" data-end="2150">Ein lebendiger Kulturort für alle</h2>
<p data-start="2151" data-end="2303">Mit der Renovierung entsteht ein Ort, der dauerhaft geöffnet ist und zum Spazierengehen, Verweilen, Kulturgenuss und geselligem Beisammensein einlädt.</p>
		</div>
	</div>
</div>
</section>
